, 5, 7
Let o(h) = -h**3 - 18*h**2 - 19*h + 18. List the prime factors of o(-17).
2, 13
Let l(t) = t**2 + 7*t + 3. What are the prime factors of l(-7)?
3
Let k = -45 + 113. List the prime factors of k.
2, 17
Suppose 0 = -v + 5*o + 33, -v + o + 2 = -15. Let k = -8 + v. List the prime factors of k.
5
Suppose 3*w + 22 = w. Let q(y) = -y**2 + y + 15. Let u be q(0). Let m = u + w. List the prime factors of m.
2
Suppose 4*c - 880 - 240 = -4*o, 3*c = 4*o + 812. Suppose -4*a = -c + 72. Suppose 5*l - 3*w + 2*w = 85, -3*l - 3*w = -a. List the prime factors of l.
17
Suppose -4*m - 7 = 2*q + 7, m - 3*q = 0. What are the prime factors of -1*4*m/2?
2, 3
Let y(z) = -z**3 - 10*z**2 - 9*z + 3. Let a(w) = -w - 2. Suppose 6 = 5*b - 29. Let l be a(b). List the prime factors of y(l).
3
Let i = 25 - -57. What are the prime factors of i?
2, 41
Suppose 2*j = 2 + 6. Let q(t) = -4*t + 3*t + 1 - j*t. List the prime factors of q(-1).
2, 3
Let g(c) = -19*c. List the prime factors of g(-1).
19
Let k = 169 - 1. What are the prime factors of k?
2, 3, 7
Let y = -28 - -46. Let t be y/1*1/(-2). Let d = -5 - t. What are the prime factors of d?
2
Let p = 115 - 61. What are the prime factors of p?
2, 3
Suppose 11*k - 100 = 6*k. List the prime factors of k.
2, 5
Suppose -f = q - 219, -5*q + 11 - 1 = 0. List the prime factors of f.
7, 31
Suppose -u = 3*u - 4*x - 412, 519 = 5*u - x. List the prime factors of u.
2, 13
Let a = -10 + -6. Let s be (-556)/a + (-2)/(-8). Suppose s - 83 = -4*i. What are the prime factors of i?
2, 3
Let w = -11 + 17. Suppose -w*o + 15 = -o. Suppose o = i - 8. What are the prime factors of i?
11
Let c(t) = -1. Let v(n) = 3*n - 2. Let k(r) = 3*c(r) + v(r). What are the prime factors of k(4)?
7
Let q = -163 - -234. What are the prime factors of q?
71
Let s(w) = 9*w**2 + 0*w - w - w - 11 + w**3. Let b be s(-9). Suppose 2*x - r - 14 = 0, -4*x + 3*x - b = 3*r. List the prime factors of x.
5
Let u be 1 - 1 - 108/(-18). Suppose u*v - 20 = v. What are the prime factors of v?
2
Suppose 3*u = 8*u - 2*z - 14, 5*u - 8 = -z. Suppose -2*b + x - u = -11, 8 = -b - 2*x. What are the prime factors of b/1 + -4 - -11?
3
List the prime factors of (10/(-3))/(11/(-297)).
2, 3, 5
Let k = 14 + -9. Suppose -5*v - 2*d = 10, -1 = -4*v + d + 4. Suppose -5*p = -2*p + k*j - 12, 3*p - 4*j - 12 = v. What are the prime factors of p?
2
Suppose -14*t + 1816 = -592. What are the prime factors of t?
2, 43
Let z(j) = 2*j**2 + 3*j + 2. Let m be z(8). Suppose 4*s = 4*w + 2*s - m, -4*w = -5*s - 145. What are the prime factors of w?
2, 5
List the prime factors of (59/2)/((-2)/(-4)).
59
Let p be (2 - 30)*2/(-4). Suppose -3*q + 4 = -p. List the prime factors of q.
2, 3
Let b = 19 - 12. Suppose -2*x = -b*x. Let f = 2 - x. List the prime factors of f.
2
Suppose -4*c + 43 = -33. What are the prime factors of c?
19
Let b be 2/6 - (-150)/(-18). Let d(t) = -7*t - 11. List the prime factors of d(b).
3, 5
Suppose 0 = -10*w + 9*w. Suppose w = -m + 25 - 4. List the prime factors of m.
3, 7
Suppose 5*s - 77 = 88. List the prime factors of s.
3, 11
Let g = 32 - 19. List the prime factors of g.
13
Let n be (-8)/(-28) - (-24)/14. Suppose n*i - 4 = -s, s - i + 2 = 3*i. What are the prime factors of (s + 7 + 3)/1?
2, 3
Let c(u) = u**2 + 12*u + 12. Let j be c(-11). What are the prime factors of ((-52)/(-2))/(2*j)?
13
Suppose -w = n - 292, -4*w - 2*n - 540 = -1712. What are the prime factors of w?
2, 3, 7
Suppose 0 = -p + 2*p - 3*w - 17, 0 = 2*w + 8. Suppose g + g + y = -1, -5*g + p*y = -5. Suppose g*c - 13 = -c. What are the prime factors of c?
13
Let g(k) = 6*k**2 + 6*k - 3. What are the prime factors of g(5)?
3, 59
List the prime factors of (-2)/16 + (-65)/(-8).
2
Let j(m) be the third derivative of -m**5/60 + 13*m**4/24 - 3*m**3/2 - 3*m**2. What are the prime factors of j(7)?
3, 11
Suppose -7*s + 229 = -128. What are the prime factors of s?
3, 17
Suppose -2*d + 62 = -10. List the prime factors of d.
2, 3
Suppose 0*h - 12 = h - 3*y, 3*h + 3*y = 24. Suppose h*a - 55 = -2*a. List the prime factors of a.
11
Suppose -o - 92 = -3*o. Suppose o - 201 = -5*j. What are the prime factors of j?
31
Let g be (1/3)/(2/66). Let n(u) = 3 - 6 - 2*u + 2 - g*u**3. What are the prime factors of n(-1)?
2, 3
Suppose 0 = 3*z + 15, 2*z = s - 4*s - 16. List the prime factors of s/(3 - 12/3).
2
Let u(w) = 4*w**2 + 3*w - 3. What are the prime factors of u(-4)?
7
Let h = -22 - -43. Let g = 68 - h. Suppose -z - 3*z + 5*v = -g, -44 = -4*z + 4*v. List the prime factors of z.
2
Suppose n + w = -2 - 0, 0 = 4*n - 4*w + 24. Let v be n/2*140/8. Let y = 58 + v. What are the prime factors of y?
23
Let v = 1 - -27. List the prime factors of v.
2, 7
Suppose -3*s + 0*s = 0. Suppose 0 = 5*z + d - 103, 2*z = d - s*d + 44. What are the prime factors of z?
3, 7
Let d(k) = -k - 11. Let a(y) = y + 11. Let c(u) = 6*a(u) + 5*d(u). Let q = -4 + -2. What are the prime factors of c(q)?
5
Let y(p) = p**3 + 4*p**2 + p + 4. Let m be y(-4). Let a(n) = n + 17. List the prime factors of a(m).
17
Suppose 3*f - 2*f - 33 = -5*g, 4*g = f + 21. What are the prime factors of 130/14 - g/21?
3
Let o be 1/(-5) - 276/(-30). Let n(w) = w**3 - 8*w**2 - 10*w + 11. Let x be n(o). Suppose u - 4*g - 19 = 0, 4*u = -x*g + 7 + 15. List the prime factors of u.
7
Suppose 5*y + 4*o - 285 = 5*o, 0 = -3*y - o + 171. What are the prime factors of (0 + -1)/((-3)/y)?
19
Let l(s) = -s**3 + 3*s**2 + 2. Let n be l(3). Suppose 2*d - 22 = 5*a, -22 = -2*d + n*a - 4*a. List the prime factors of d.
11
Let c(p) = -p**3 - 3*p**2 + 4*p + 2. Let a be c(-4). Suppose a*u + 24 = -4*r, -2*u + r + 0 + 1 = 0. What are the prime factors of 2 + u + 20/2?
2, 5
Suppose -2*s = 3*a - 13, -4*a + 2*a + 2*s + 2 = 0. What are the prime factors of (1/a)/(3/117)?
13
Suppose -5*f - 3*d - 2*d + 30 = 0, 8 = 2*d. Let j = 17 + -15. What are the prime factors of f/4 - (-23)/j?
2, 3
Let p(w) = w**3 - 6*w**2 + 5*w + 2. Let g be p(5). Let t(q) = -q**3 + 4*q**2 + 6*q + 5. Let o be t(5). Let b = g + o. What are the prime factors of b?
2, 3
Let g = 210 + -134. What are the prime factors of g?
2, 19
Let n(d) = d**2 - 10*d - 61. List the prime factors of n(18).
83
Let t(s) = -4*s**2 + s**2 - 9*s + 2*s**2 + 4. List the prime factors of t(-8).
2, 3
Let a = -240 + 351. List the prime factors of a.
3, 37
Let g(w) = w**2 - w + 1. Let s be g(-4). Suppose 4*l - s = 3*l. What are the prime factors of l?
3, 7
Let g be 6 - -2*3/6. Suppose 4*f + g = 39. List the prime factors of f.
2
Suppose -3*g + 3 = -12. Suppose 5*b - g*h = 80, -5*b - 2*h + 59 = -0*h. Let f = -8 + b. What are the prime factors of f?
5
Suppose -4*i + 2*i + 50 = 0. What are the prime factors of i?
5
Let j(h) = -h + 9. What are the prime factors of j(-14)?
23
Let t = 51 - 25. What are the prime factors of t?
2, 13
What are the prime factors of (-772)/8*-2*1?
193
Let q = -157 + 249. Suppose -w + q = 5*h, -2*h + 51 = h + 2*w. List the prime factors of h.
19
Let o = 43 - 40. What are the prime factors of o?
3
Let v = -81 - -115. What are the prime factors of v?
2, 17
Let f(p) = -p**2 + 4*p + 5. Let h be f(4). Let q be (2/h)/((-1)/(-10)). Let o = q - 2. List the prime factors of o.
2
List the prime factors of (65/20)/(((-9)/48)/(-3)).
2, 13
Suppose -5 = 3*g - 8*g. Suppose -2*w = -2*m + g + 1, 2 = m. Suppose 3*a + w = -3*y - 2, -5*a + 7 = y. List the prime factors of a.
2
Suppose 8 = -f - 2. Let d = f + 17. List the prime factors of d.
7
Suppose -3*n = -3*k - 120, -3*n - 5*k = -5*n + 77. List the prime factors of n.
41
Let j(x) = x**2 - 6*x + 32. List the prime factors of j(9).
59
Suppose -o + 8 = -2*o. Let g(k) = 7. Let d(w) = w - 15. Let r(h) = -2*d(h) - 5*g(h). What are the prime factors of r(o)?
11
Let u be 33/4 + 2/(-8). Suppose 2*d = u + 6. Suppose 3*n + v = d + 20, -2*v - 26 = -2*n. What are the prime factors of n?
2, 5
Suppose 2*r + 5 = 4*j - 3*j, 3*j - 9 = 3*r. List the prime factors of (-14)/(2 + (-3)/j).
2, 7
Let n = -2 - -2. Suppose n + 15 = o + 3*m, o + m = 5. Suppose o = -2*r - 2*r + 44. What are the prime factors of r?
11
List the prime factors of 6093/54 - 2/(-12).
113
Suppose 2*b = -d - 0*d + 5, -4*b - 11 = -5*d. Suppose 0 = -4*y + k + 4*k + 206, -y + 48 = -d*k. What are the prime factors of y?
2, 3
Let b(f) = 3*f + 19. What are the prime factors of b(9)?
2, 23
Let z(c) = 